 when ((-1)/((-2)/116))/2 is divided by 15.
14
Let k(n) = n - 2. Let b be k(2). Suppose b = -4*t + p + 36, p + 3*p = -t - 8. Suppose -x + 6 = -t. What is the remainder when 26 is divided by x?
12
Let z be ((-20)/(-3))/(6/63). Suppose -5*d = -0*d - z. What is the remainder when d is divided by 8?
6
Let y be 4/(-18) + (-20)/(-9). Let n = y - 6. Let g = n + 14. Calculate the remainder when 19 is divided by g.
9
Suppose -4*n + 2*g = -20, 2*g - 4 = -4*n - 0*g. Suppose -7 + n = o. Calculate the remainder when (3 + o)/(-1) - -4 is divided by 2.
1
Let a = -1 + -1. Suppose -5 = 5*i - 5*x, -3*x + 8 + 1 = 0. What is the remainder when i is divided by 1/(6/a)*-3?
0
Let u(q) = -q + 32. Let v(b) = 2*b**2 - 3*b - 6. What is the remainder when v(5) is divided by u(17)?
14
Let h(u) = -u - 17. Let i(d) = -2*d - 17. Let t(y) = -3*h(y) + 2*i(y). Calculate the remainder when 31 is divided by t(0).
14
Let s = 87 + -60. What is the remainder when 107 is divided by s?
26
Suppose -3*r - 11 = -a + 2*r, -5*a + 113 = 4*r. Suppose 4*b = c + 2*c + 251, b - 5*c = 67. What is the remainder when b is divided by a?
20
Suppose 0 = 3*f + f. Let n(l) = -3*l - 1. Let g be n(-1). Suppose -g*v + 82 - 28 = f. What is the remainder when v is divided by 10?
7
Let r(f) = -7*f + 37. Calculate the remainder when 106 is divided by r(0).
32
Let a(u) = -21*u**2 + u. Let i be a(-1). Let q = 39 + i. What is the remainder when q is divided by 5?
2
Suppose 0 = 5*k - 3*c - 24, c = -4*c + 10. What is the remainder when k is divided by 4?
2
Let b = 5 - -16. What is the remainder when b is divided by 11?
10
Let h(j) be the third derivative of j**6/120 + 11*j**5/60 + 7*j**3/6 + 5*j**2. Suppose 3 = 2*r - 5. Calculate the remainder when h(-11) is divided by r.
3
What is the remainder when -6 - (3 - 7) - -82 is divided by 22?
14
Let i(z) = -z**3 - 2*z**2 - z - 2. Let w be i(-2). Suppose -5*a + 3*l + 135 = 40, l = w. Calculate the remainder when a is divided by 10.
9
Suppose 4*v - 82 = -3*t, -2*v + v - 3*t + 25 = 0. What is the remainder when v is divided by 7?
5
Let w be 5*2*(-3)/(-6). Suppose -w*v + 3*o + 130 = -0*o, o + 52 = 2*v. What is the remainder when v is divided by 14?
12
Let x = 7 + -6. Let y = -1 + x. Suppose 3*b - 8*b + 2*w + 207 = y, 5*w + 23 = b. Calculate the remainder when b is divided by 15.
13
Let a(q) = 4*q**2 + 3*q - 12. Calculate the remainder when a(5) is divided by 26.
25
Let d be (-1)/(-4) + 3/4. What is the remainder when 26 is divided by -3 + (11 - (d - 0))?
5
Let g(w) = -8*w**2 - 9*w + 15. Let m(f) = 3*f**2 + 3*f - 5. Let u(o) = 4*g(o) + 11*m(o). What is the remainder when u(5) is divided by 2/6 + (-69)/(-9)?
7
Let u(i) be the third derivative of i**6/120 + 7*i**5/60 + i**4/24 - 5*i**3/6 + 3*i**2. Calculate the remainder when 74 is divided by u(-6).
24
Let o be (1/(-2))/(2/20). Let p = 11 + -2. Calculate the remainder when o/((-11)/5 - -2) is divided by p.
7
Let u(s) = s - 4. Let k be u(7). Let a(r) = -4*r + 4*r**2 + 3*r - 5*r**2 + 34 + r**k. Calculate the remainder when a(0) is divided by 12.
10
Calculate the remainder when (0/(-3))/4 + 110 is divided by 28.
26
Let r = 11 + -2. What is the remainder when r is divided by 5?
4
Let q(z) = -z - 3. Let o be q(-3). Suppose i + o*i - 6 = 0. Suppose 3*c + 21 = 2*k, 0 = 3*k + 3*c + i. Calculate the remainder when k is divided by 2.
1
Let a(q) = q**3 + q**2 - 5*q - 2. Calculate the remainder when a(3) is divided by 4.
3
What is the remainder when 28 is divided by (12 + (-5 - -3))*1?
8
Suppose 12 = 2*w - 52. Suppose w = -4*g + 5*g. Let t = 14 - -3. Calculate the remainder when g is divided by t.
15
Suppose 103 = 4*r - 3*k, -4*k + 70 - 199 = -5*r. Suppose u = 4*g + 33, u + 2*g + 0 - 3 = 0. Calculate the remainder when r is divided by u.
12
Let p(o) = o**2 - o + 16. Calculate the remainder when 30 is divided by p(0).
14
Suppose i - 5*q + 13 = -2*i, -3*q + 3 = -3*i. What is the remainder when 13 is divided by i?
1
Let f = 8 - -4. What is the remainder when 35 is divided by f?
11
Suppose -2*n - 6 = 5*g, -2*g - 2*n - 2 = 4. Suppose 4*c - 131 = -2*i - 21, -3*i + 4*c + 155 = g. Calculate the remainder when i is divided by 18.
17
Suppose -l + 24 = -5. Suppose 1 - l = -4*x. Calculate the remainder when 18 is divided by x.
4
Suppose 0 = 4*a - 8*a + 104. Suppose 0 = -m - 4*r + 28, -3*m - 6 = -4*r - a. Calculate the remainder when 35 is divided by m.
11
Suppose -2*f + 8 = -0*f. Suppose 2*p = -f*l + 62, 0*l - 5*p = 3*l - 29. Suppose j + 2*j = 102. Calculate the remainder when j is divided by l.
16
Let j = 24 + 59. What is the remainder when j is divided by 31?
21
Let o(d) = d**3 - 3*d**2 + 6*d - 6. Suppose -3*c = 2*c - 20. What is the remainder when o(c) is divided by 18?
16
Let s be (-1)/4 - (-488)/32. Suppose u + 0 = s. What is the remainder when 59 is divided by u?
14
What is the remainder when (-5 - -8) + 2/1 + 141 is divided by 21?
20
Suppose a + 5 - 10 = 0. Suppose a*h - 2 = 43. What is the remainder when h is divided by 4?
1
Let m be 10/3*(-60)/(-50). What is the remainder when 1976/56 - m/14 is divided by 12?
11
Let v = -31 + 50. Calculate the remainder when v/1 - 0/3 is divided by 10.
9
Let d = 8 + 1. Let s = d + 4. Calculate the remainder when s is divided by 7.
6
Suppose -20 + 95 = 5*d. Suppose 0*c + d = 3*c. Suppose 0 = u - r + 1 - 8, -c*u = -2*r - 50. Calculate the remainder when 23 is divided by u.
11
Let b(f) = 5*f**3 + f**2 - 2*f - 1. Calculate the remainder when 76 is divided by b(2).
37
Let b = 2 - -5. Let y(n) = n**2 - 2*n + 4. Calculate the remainder when y(4) is divided by b.
5
Suppose 2*t + 4*b - 8 = -32, b - 3 = 4*t. Let y be (t - -2)/(-1) - -2. Calculate the remainder when (2 - 1) + 8 + y is divided by 4.
3
Let f = 14 + -5. Let r(p) = p**2 - 8*p - 9. Let u be r(f). Suppose 3*s + 1 - 7 = u. What is the remainder when 2 is divided by s?
0
Let j(f) = -2*f + 1. Let g be j(2). Let a = g + 5. Calculate the remainder when 4/10*(28 + a) is divided by 5.
2
Let y(v) = 17*v**3 - v**2 + 2*v - 1. Calculate the remainder when 48 is divided by y(1).
14
Let w be (-208)/(-36) - (-4)/18. Let o(c) = -c + 8. Calculate the remainder when o(w) is divided by 1.
0
Let k(f) = -3*f**3 - 2*f**2 - f + 1. Calculate the remainder when k(-1) is divided by 1.
0
Suppose 0*f - 3*f + 2*h = -51, 5*f - 2*h - 89 = 0. What is the remainder when 74 is divided by f?
17
Suppose 4*j - 40 = -2*x, -3*x = -0*j - 4*j - 90. Calculate the remainder when 77 is divided by x.
25
Suppose -5*c = -70 + 15. Let r = 61 - -101. Suppose u - 6*u - t + r = 0, -5*t - 54 = -2*u. Calculate the remainder when u is divided by c.
10
Suppose 0 = -3*x - 2*x, -4*u - 3*x + 92 = 0. Calculate the remainder when 44 is divided by u.
21
Let l(j) = j**3 + 5*j**2 - 3*j. What is the remainder when -2*58/(-6)*9/6 is divided by l(-5)?
14
Let o(x) = 0 - 6*x + 5 + 0. Suppose -4 = -4*u + 5*u. What is the remainder when o(u) is divided by 10?
9
Suppose -2*t - 245 = -7*t. Suppose -4*o = -12 + 44. What is the remainder when t is divided by (68/o)/((-1)/2)?
15
Suppose 2*t - 90 = -3*t. What is the remainder when 142 is divided by t?
16
Let h(s) = s**3 + 11*s**2 + s - 3. Let d be h(-5). Suppose -4*n - 30 = -d. What is the remainder when n is divided by 50/5*6/4?
13
Suppose 2*c = -8 + 14. Calculate the remainder when 9 is divided by c.
0
Let q(w) = -3*w - 1. Let g be q(-1). Calculate the remainder when 2/(1 - g) + 52 is divided by 13.
11
Let o be 1101/15 + (-6)/(-10). Suppose 2*r - o = r. What is the remainder when r is divided by 19?
17
Let u(h) = 3*h**2 - 4*h + 3. Let t be ((-4)/5)/(2/(-10)). Let z = 16 + t. Calculate the remainder when z is divided by u(2).
6
Suppose -t + 120 = 2*t. Suppose -5*f + 66 = -q, -f + 5*q + 22 = 2*f. Calculate the remainder when t is divided by f.
12
Suppose 5*f = 10, 0 = q - 4*q - 5*f + 187. What is the remainder when q is divided by 20?
19
Let u be 2/(((-6)/58)/(-3)). Suppose u = c - 0*c. Suppose c = 3*j + 19. Calculate the remainder when j is divided by 5.
3
Suppose 5*k + 0*k - 60 = 0. Calculate the remainder when k is divided by 7.
5
Let w(c) = -15*c + 1. What is the remainder when w(-2) is divided by 11?
9
Calculate the remainder when 63 is divided by (-4)/(-2)*4 + -5.
0
Suppose 5*y = 3*r - 44, 3*y - 12 = 2*r - 5*r. Calculate the remainder when (2*1)/(-4)*-58 is divided by r.